 factors of 68723?
19, 3617
What are the prime factors of 99557?
29, 3433
List the prime factors of 7015.
5, 23, 61
List the prime factors of 6727.
7, 31
List the prime factors of 711.
3, 79
List the prime factors of 229.
229
What are the prime factors of 870?
2, 3, 5, 29
List the prime factors of 59878.
2, 7, 13, 47
List the prime factors of 35506.
2, 41, 433
List the prime factors of 34144.
2, 11, 97
List the prime factors of 2252.
2, 563
What are the prime factors of 35941?
127, 283
What are the prime factors of 11060?
2, 5, 7, 79
What are the prime factors of 6356?
2, 7, 227
List the prime factors of 77275.
5, 11, 281
List the prime factors of 4442.
2, 2221
What are the prime factors of 95247?
3, 19, 557
What are the prime factors of 37754?
2, 43, 439
List the prime factors of 1383.
3, 461
List the prime factors of 4003.
4003
What are the prime factors of 11644?
2, 41, 71
List the prime factors of 3824.
2, 239
List the prime factors of 8373.
3, 2791
List the prime factors of 5794.
2, 2897
List the prime factors of 23690.
2, 5, 23, 103
What are the prime factors of 886?
2, 443
What are the prime factors of 57067?
149, 383
What are the prime factors of 34631?
34631
What are the prime factors of 496?
2, 31
List the prime factors of 4321.
29, 149
List the prime factors of 1374.
2, 3, 229
List the prime factors of 202.
2, 101
List the prime factors of 61706.
2, 30853
What are the prime factors of 111?
3, 37
What are the prime factors of 265?
5, 53
List the prime factors of 2479.
37, 67
List the prime factors of 11803.
11, 29, 37
What are the prime factors of 2672?
2, 167
List the prime factors of 114793.
7, 23, 31
List the prime factors of 21108.
2, 3, 1759
List the prime factors of 120109.
11, 61, 179
What are the prime factors of 34242?
2, 3, 13, 439
What are the prime factors of 23556?
2, 3, 13, 151
What are the prime factors of 1097?
1097
List the prime factors of 3900.
2, 3, 5, 13
What are the prime factors of 372?
2, 3, 31
What are the prime factors of 1800?
2, 3, 5
What are the prime factors of 1116?
2, 3, 31
What are the prime factors of 9740?
2, 5, 487
What are the prime factors of 5240?
2, 5, 131
What are the prime factors of 1505?
5, 7, 43
What are the prime factors of 118?
2, 59
List the prime factors of 8867.
8867
List the prime factors of 45363.
3, 15121
What are the prime factors of 4136?
2, 11, 47
List the prime factors of 7807.
37, 211
List the prime factors of 438.
2, 3, 73
What are the prime factors of 12865?
5, 31, 83
List the prime factors of 10235.
5, 23, 89
What are the prime factors of 67386?
2, 3, 11, 1021
What are the prime factors of 51554?
2, 149, 173
List the prime factors of 31461.
3, 10487
List the prime factors of 3471.
3, 13, 89
List the prime factors of 40595.
5, 23, 353
List the prime factors of 595.
5, 7, 17
List the prime factors of 29929.
173
What are the prime factors of 138327?
3, 7, 941
What are the prime factors of 9835?
5, 7, 281
What are the prime factors of 4686?
2, 3, 11, 71
List the prime factors of 7845.
3, 5, 523
What are the prime factors of 765?
3, 5, 17
List the prime factors of 162787.
162787
List the prime factors of 3483.
3, 43
List the prime factors of 1189.
29, 41
List the prime factors of 1406.
2, 19, 37
List the prime factors of 898.
2, 449
List the prime factors of 908.
2, 227
List the prime factors of 37768.
2, 4721
List the prime factors of 121.
11
What are the prime factors of 877?
877
List the prime factors of 8025.
3, 5, 107
List the prime factors of 8416.
2, 263
List the prime factors of 9610.
2, 5, 31
List the prime factors of 17140.
2, 5, 857
What are the prime factors of 9420?
2, 3, 5, 157
List the prime factors of 5454.
2, 3, 101
What are the prime factors of 1601?
1601
List the prime factors of 104720.
2, 5, 7, 11, 17
What are the prime factors of 145?
5, 29
List the prime factors of 4625.
5, 37
List the prime factors of 206.
2, 103
List the prime factors of 98.
2, 7
List the prime factors of 1577.
19, 83
What are the prime factors of 65?
5, 13
What are the prime factors of 15546?
2, 3, 2591
What are the prime factors of 18822?
2, 3, 3137
What are the prime factors of 125577?
3, 4651
What are the prime factors of 37945?
5, 7589
What are the prime factors of 3835?
5, 13, 59
List the prime factors of 45340.
2, 5, 2267
What are the prime factors of 8504?
2, 1063
What are the prime factors of 1006?
2, 503
List the prime factors of 61637.
61637
What are the prime factors of 3547?
3547
What are the prime factors of 6423?
3, 2141
What are the prime factors of 11479?
13, 883
List the prime factors of 65089.
65089
What are the prime factors of 733?
733
List the prime factors of 435.
3, 5, 29
List the prime factors of 32534.
2, 16267
What are the prime factors of 37462?
2, 18731
What are the prime factors of 7189?
7, 13, 79
List the prime factors of 12110.
2, 5, 7, 173
What are the prime factors of 993?
3, 331
List the prime factors of 2133.
3, 79
List the prime factors of 5426.
2, 2713
List the prime factors of 49211.
49211
List the prime factors of 3393.
3, 13, 29
What are the prime factors of 441?
3, 7
What are the prime factors of 8639?
53, 163
List the prime factors of 25992.
2, 3, 19
List the prime factors of 917.
7, 131
What are the prime factors of 17687?
23, 769
List the prime factors of 32415.
3, 5, 2161
List the prime factors of 9799.
41, 239
What are the prime factors of 2293?
2293
List the prime factors of 26098.
2, 13049
What are the prime factors of 131057?
83, 1579
List the prime factors of 145427.
41, 3547
List the prime factors of 8658.
2, 3, 13, 37
What are the prime factors of 16903?
16903
What are the prime factors of 939?
3, 313
What are the prime factors of 3708?
2, 3, 103
What are the prime factors of 24192?
2, 3, 7
List the prime factors of 23811.
3, 7937
List the prime factors of 1566.
2, 3, 29
List the prime factors of 13278.
2, 3, 2213
What are the prime factors of 3061?
3061
What are the prime factors of 97203?
3, 32401
List the prime factors of 3535.
5, 7, 101
What are the prime factors of 76440?
2, 3, 5, 7, 13
List the prime factors of 4243.
4243
List the prime factors of 28074.
2, 3, 4679
What are the prime factors of 44959?
44959
List the prime factors of 24902.
2, 12451
What are the prime factors of 77944?
2, 9743
What are the prime factors of 3639?
3, 1213
What are the prime factors of 56380?
2, 5, 2819
What are the prime factors of 5111?
19, 269
What are the prime factors of 855?
3, 5, 19
List the prime factors of 3079.
3079
What are the prime factors of 4920?
2, 3, 5, 41
What are the prime factors of 96357?
3, 32119
List the prime factors of 16023.
3, 7, 109
What are the prime factors of 9784?
2, 1223
List the prime factors of 36978.
2, 3, 6163
List the prime factors of 611.
13, 47
What are the prime factors of 183?
3, 61
What are the prime factors of 45872?
2, 47, 61
What are the prime factors of 7419?
3, 2473
List the prime factors of 6706.
2, 7, 479
What are the prime factors of 1763?
41, 43
What are the prime factors of 33289?
33289
List the prime factors of 4092.
2, 3, 11, 31
List the prime factors of 6228.
2, 3, 173
List the prime factors of 6124.
2, 1531
What are the prime factors of 15781?
43, 367
What are the prime factors of 1177?
11, 107
What are the prime factors of 5947?
19, 313
List the prime factors of 64453.
64453
What are the prime factors of 9043?
9043
What are the prime factors of 8865?
3, 5, 197
What are the prime factors of 2438?
2, 23, 53
What are the prime factors of 6178?
2, 3089
List the prime factors of 485.
5, 97
List the prime factors of 1575.
3, 5, 7
What are the prime factors of 11825?
5, 11, 43
What are the prime factors of 1220?
2, 5, 61
What are the prime factors of 25041?
3, 17, 491
List the prime factors of 1116.
2, 3, 31
What are the prime factors of 5996?
2, 1499
What are the prime factors of 52694?
2, 26347
What are the prime factors of 65328?
2, 3, 1361
List the prime factors of 25339.
25339
List the prime factors of 21921.
3, 7307
What are the prime factors of 8861?
8861
List the prime factors of 16492.
2, 7, 19, 31
What are the prime factors of 2428?
2, 607
List the prime factors of 8185.
5, 1637
List the prime factors of 5112.
2, 3, 71
What are the prime factors of 3314?
2, 1657
List the prime factors 